 (-5 - (-6 + 0 + 3)) + -1.
-3
What is the value of 1 + (9 - (7 - -2))?
1
Evaluate -2 + (-1 - -1 - 2) - -6.
2
What is (-14 + 9 - 8) + 5?
-8
-39 + 36 + 10 + (-1 - 0)
6
Calculate (6 + -18 - -12) + 9.
9
What is the value of (-5 - (6 + (-5 - 8))) + 1?
3
What is (-4 - (1 - 4)) + 0?
-1
Evaluate -6 - (2 + -7) - -2.
1
What is the value of -5 + 4 + 6 + (0 - -1)?
6
(2 - 10) + -8 + 10 - -15
9
What is -6 - ((0 - 10) + 5)?
-1
What is -2 - ((-1 - 4) + 3 - -7)?
-7
What is the value of 1 + -3 + (2 - 2 - 0)?
-2
What is (4 - -4) + -1 + -2?
5
What is (2 - 5) + -1 + -102 + 99?
-7
What is -1 - (2 + -3 - (4 - 2))?
2
What is -22 - -21 - (-3 + (-2 - -2))?
2
What is the value of -3 + 2 + 1 + -3 - 2?
-5
What is (6 - -6) + -5 - (0 - -3)?
4
Calculate -1 - -5 - (-4 + 4 + 4).
0
What is the value of 0 + 2 + -1 + -4?
-3
-5 + -1 - 1 - -7
0
Evaluate 0 + (4 + -10 - -11) + 0.
5
Calculate (-10 - 2) + (-2 - (8 + -13)).
-9
4 + -2 - (5 + -7)
4
Evaluate 7 + (-9 + 3 - 4).
-3
Evaluate 6 - (14 + -11) - 10.
-7
What is -6 - (0 + -3) - 2?
-5
(-8 - -1 - -2) + 1
-4
Evaluate -3 + (-5 - (5 + (6 - 25))).
6
What is the value of (2 + 2 + -1 - 4) + -1?
-2
Evaluate -2 + (6 - (-1 - -7)).
-2
-11 - -16 - 4 - -7
8
What is 97 - 91 - (0 + 0)?
6
Evaluate 1 + 2 + -3 + -3.
-3
What is the value of 4 + (-2 - 1) + (1 - 4)?
-2
(-1 - (-1 + 5 + -3)) + -3
-5
What is -9 + (-1 + -5 - 0 - -12)?
-3
(-11 - (14 - 31)) + (-16 - -1)
-9
What is -2 + -3 + (11 - 0) + -4?
2
What is the value of 6 + -1 - (4 + -1) - 0?
2
Evaluate -2 - (-2 + 3 + -3) - 0.
0
What is 3 - (0 - 0 - (4 + -3))?
4
Calculate -11 - -6 - (-2 + -1 + -4).
2
Evaluate 2 + 1 - (13 + 0 + -7).
-3
What is the value of -1 + 3 + -2 - (-24 + 26)?
-2
What is (1 - 1) + (-2 - 2) + 4?
0
Evaluate 11 - (11 + -4 + 0).
4
Calculate -2 + 8 + (-2 - 2).
2
What is -3 + (-7 + 7 - -1)?
-2
What is the value of (4 - (10 + -5)) + (3 - 1)?
1
What is the value of -4 + -4 + 7 + (0 - 3)?
-4
What is the value of -10 + 13 - (-1 - -1) - 7?
-4
What is the value of 10 + (-5 - (2 - 2))?
5
What is the value of -4 + 2 + 2 - 1 - -3?
2
Evaluate -2 + 1 + (-3 - -2 - -5).
3
Evaluate (0 - -5) + -4 + -9 + 5.
-3
-8 - (-2 + -4) - 3
-5
Evaluate 0 - 0 - (40 - 34).
-6
(3 - 0) + 1 + (-143 - -149)
10
-2 - (-4 - (-1 + -8))
-7
What is the value of -2 + 0 - 1 - (20 - 24)?
1
50 - 60 - (-1 - 14)
5
What is -5 + (7 - 5) - -3 - 7?
-7
Calculate -7 - (-10 + 8 - (0 - 2)).
-7
What is the value of 4 + -1 - (6 + -1 - 1)?
-1
What is 3 - (-1 + 1 - -1 - 3)?
5
(7 - 2) + (-6 - 3)
-4
Evaluate -1 - (-2 + 6) - (-14 - -12).
-3
Calculate (4 - ((6 - 1) + -4)) + 0.
3
Calculate 0 - ((7 - 4) + -8 + 5).
0
What is the value of 10 + -4 + -1 + 4 + -3?
6
Calculate -1 - 0 - (1 + -9 - -7).
0
What is the value of -3 - 1 - (20 + -18)?
-6
Calculate 7 - (2 + -10 - -14).
1
What is -3 - (6 - (10 - 0))?
1
1 + (-1 - (-6 + 0)) - 5
1
What is the value of -1 - -4 - (2 + 4 + 0)?
-3
-9 - (0 + (-4 - 1))
-4
What is 7 - 11 - (-5 - -6)?
-5
-10 + 5 - -3 - -12
10
-2 + (0 - -5 - 0)
3
-7 + 4 - -6 - (1 + 6)
-4
What is (-12 + 2 - 0) + 5?
-5
What is 3 - -4 - (19 + -14)?
2
What is the value of -14 - -13 - (-9 - -2)?
6
Calculate -2 + -11 + 12 + -4.
-5
What is the value of 4 + 3 + -9 - -2?
0
-5 + 6 - -5 - 3
3
(4 - -3) + -1 + -2
4
2 + -17 + 10 + (3 - 0)
-2
(-2 - -3) + 0 + -4 - -6
3
Evaluate (-10 - (3 + -8)) + 2.
-3
Evaluate 1 + -1 + 7 - (-1 - -3).
5
What is -5 - (3 + (4 - 9))?
-3
Calculate -1 + -5 + (-32 - -34) - -6.
2
Calculate (-25 - -8) + (-3 - -12).
-8
Evaluate 0 - (6 + -5 - (0 + -2)).
-3
What is the value of -5 + (-2 - (2 - 4 - 5))?
0
Calculate -33 + 36 - (1 + -2 - -1).
3
What is the value of 3 + (-14 + -2 - -6)?
-7
What is the value of 0 + (-1 - 4 - -11)?
6
What is the value of -1 - -1 - 3 - (1 + -3)?
-1
Evaluate (1 - -2) + -8 + 3 + 2.
0
Evaluate 5 - 1 - (11 + (-4 - 2)).
-1
What is -5 + 1 + 1 + 2 - -2?
1
2 + 0 + -10 - -3
-5
Evaluate (0 - 4) + (-14 - 6 - -17).
-7
What is the value of 14 - ((-6 - -7) + 1) - 4?
8
Evaluate -7 - ((8 - 1) + -9 - -4).
-9
What is the value of (1 - (-5 - -15)) + 5?
-4
Calculate 0 + -4 - (-1 - 0).
-3
What is (-6 - (-10 - (2 - 6))) + 0?
0
1 + 2 - 2 - (-8 + 12)
-3
What is -31 + 27 - (3 - -1) - -5?
-3
5 + (-12 - -8 - (1 + -2))
2
What is 1 + 0 - ((-3 - 3) + 5)?
2
Evaluate (-9 - -12) + -6 + -1.
-4
Evaluate (7 - 25) + 8 - -4.
-6
What is the value of -2 - (1 - 4 - -1)?
0
What is the value of (7 + 0 - -10) + -11?
6
What is the value of 14 + 1 + -5 - 13?
-3
-7 + 6 + -7 + 4 - 5
-9
What is the value of 1 + (-14 - -5) + 5?
-3
What is the value of 3 - ((-7 - -9) + 0 + 1)?
0
5 - (-2 + (2 - (-5 - -3)))
3
What is the value of (-9 - 4) + (5 - 0)?
-8
Evaluate -1 - (-2 - -5) - (-5 + 1).
0
Evaluate (-14 - (-31 - -11)) + 4.
10
What is 0 + 2 - (-6 + 11) - -1?
-2
Evaluate (4 - (-11 - -9)) + 1.
7
Calculate 0 - (5 + -15 - -7).
3
Evaluate -4 + -3 + 6 + -3 + 0.
-4
What is (-4 - -3) + (1 - -9 - 5)?
4
Evaluate -1 + (-4 + 9 - 0 - 3).
1
What is 3 - (-2 + -1 - -6)?
0
Calculate -3 + -1 + 7 + -3 + -2.
-2
What is -1 + -1 + 7 + (0 - 6)?
-1
Evaluate 4 + 1 + (0 - 4) + -4.
-3
-36 + 30 - (-2 + 1)
-5
What is 0 - (-3 - -1) - -3?
5
(1 - -3) + (-11 - -7)
0
Calculate -6 + (12 - 16) + 0 + 4.
-6
-4 - (-6 - 3) - 9
-4
(4 + -3 - 4) + 2 - -1
0
Calculate 6 - (6 - 9) - 12.
-3
What is the value of 2 + -5 + (-10 + 0 - -8)?
-5
Evaluate -1 - (6 - (-2 + 5 + -2)).
-6
What is the value of 0 - (-7 - -1) - 5?
1
Calculate 1 + 3 - (1 - -4).
-1
Evaluate -1 - (2 - 10 - -5).
2
(2 - -2 - (0 - 2)) + -5
1
-5 - (1 - 4 - (2 + -4))
-4
0 + -6 + -2 - -12
4
Calculate (-2 + 9 - 6) + (1 - 2).
0
What is 1 + (4 - 7) - (-1 - -1)?
-2
Calculate -8 - -1 - (68 - 78).
3
Evaluate -3 - (-4 + 4 + 1 + -3).
-1
Evaluate (13 - ((-3 - -3) + 8)) + -7.
-2
What is the value of 0 - (-3 + -3 - -8)?
-2
What is the value of -2 + -5 + -4 - (-4 + -1)?
-6
-2 + 5 - (3 - 0) - 6
-6
5 + 1 + (7 - 11)
2
What is 11 + (-2 - -5 - 16)?
-2
What is the value of (3 - -4) + 4 + -6?
5
What is the value of -5 - (-6 + (-5 - -13))?
-7
What is the value of (-5 - (0 + -4) - -5) + 0?
4
Calculate -2 - 1 - ((-1 - -1) + 1).
-4
What is the value of 2 + -1 + 5 + 2 + -4?
4
-3 - (1 + -2 - 3) - -1
2
10 + 1 + -1 - 18
-8
Calculate 30 + -31 - (-7 - -3 - 7).
10
What is the value of -2 + -2 + 2 + (-2 - -1)?
-3
-8 - (-15 + 5 - -8)
-6
Evaluate -11 + 5 + 13 - -3.
10
Evaluate 62 + -43 + -11 + -1.
7
Evaluate 3 - ((-2 - (-3 - 0)) + 4).
-2
Evaluate (-8 - 0 - -12) + -5 - 6.
-7
Calculate (-11 - -14 - (-1 + 1)) + 1.
4
What is (-1 - (-3 + -2)) + -3 + -4?
-3
What is -3 + (5 - (4 + -1))?
-1
What is the value of (21 + -9 - (2 + 5)) + 2?
7
0 - -4 - (30 + -25)
-1
2 - (-11 + (9 - 1))
5
(8 - 3) + -2 + (-2 - -1)
2
What is 1 - ((-11 - -6) + 6)?
0
-1 + -10 - -23 - 5
7
What is 1 + -4 + 1 + -2?
-4
What is the value of -7 + 6 + -19 + 3 + 8?
-9
Calculate (-1 - -4 - 5) + 1.
-1
Evaluate -1 + 1 - (20 - 21).
1
Evaluate (0 + -4 - 1) + 2 + 3.
0
What is -6 - (10 + -19 - 3)?
6
Calculate (0 - 2) + (-7 - -5) + 6.
2
Evaluate (12 - 4) + -12 + 2.
-2
What is 0 + (-2 - 4) - -10?
4
What is the value of 10 + -3 + 0 - (11 + -1)?
-3
What is (7 + 8 - 4) + -13?
-2
-9 + 16 - (-1 - -7) - -1
2
What is the value of -4 - ((-3 - -1) + 1 - -1)?
-4
(3 - 1 - 2) + 7 + -3
4
(2 - (3 - (2 - 4))) + 0
-3
What is (54 - 52) + -3 + 1 + -2?
-2
What is 7 - 1 - (29 - 26)?
3
Evaluate -1 - (8 + -5 - (0 - -3)).
-1
What is 1 + 2 - (5 - -3)?
-5
13 + -10 - ((-2 - -4) + 0)
1
Calculate -7 + 11 - (-1 + (6 - 2)).
1
(0 - 7) + 7 - (-2 + 0)
2
What is -19 + 9 + (7 - 2)?
-5
What is the value of 3 + 0 - (-4 + 5)?
2
Calculate -4 - 0 - (-5 - -5).
-4
Calculate -30 + 30 + (-2 - 5).
-7
What is the value of (-3 - (4 + -5)) + (0 - 1)?
-3
What is the value of (-4 + -7 - -2) + 16?
7
-1 - ((-42 - -38) + (0 - -1))
2
(-4 - 1) + (2 - 1) + 0
-4
What is 32 + -25 - (12 + -1)?
-4
0 + 14 + -8 + -3
3
-3 + -1 + (7 - 13) + 2
-8
Calculate (1 - (-8 + 5 + -3)) + -5.
2
What is the value of -1 - 3 - (0 - 1 - 7)?
4
Calculate 1 + 4 + (-36 - -28).
-3
What is the value of 2 + 1 + (-3 - -4) - -1?
5
Calculate (0 - 1) + (-6 - -11).
4
Calculate -7 + 1 + -3 - -7.
-2
Calculate -2 - 0 - (-3 + -10 + 17).
-6
Evaluate -25 + 9 + -12 + 22.
-6
What is the value of -9 - (6 - (5 + 6))?
-4
What is 0 + 7 - (4 - -5)?
-2
What is 3 - (1 + 6 + -3 + 1)?
-2
-5 - (-1 - 7) - 8
-5
Evaluate 6 + -6 + -1 + (3 - 0).
2
Calculate 9 - (-4 + 11) - 9.
-7
Calculate 0 - 0 - (3 - (-2 + 4)).
-1
Evaluate -21 - -17 - ((1 - 0